s of 27885?
3, 5, 11, 13
List the prime factors of 250437.
3, 11, 7589
What are the prime factors of 1716287?
1716287
What are the prime factors of 841245?
3, 5, 17, 3299
List the prime factors of 44426.
2, 97, 229
List the prime factors of 198164.
2, 107, 463
List the prime factors of 12424034.
2, 7, 269, 3299
What are the prime factors of 254199?
3, 11, 7703
List the prime factors of 1731958.
2, 865979
List the prime factors of 22372454.
2, 13, 860479
What are the prime factors of 410682?
2, 3, 68447
List the prime factors of 9762156.
2, 3, 373, 727
List the prime factors of 3626372.
2, 17, 3137
List the prime factors of 91096.
2, 59, 193
What are the prime factors of 4579889?
53, 86413
List the prime factors of 455.
5, 7, 13
List the prime factors of 1809250.
2, 5, 7237
List the prime factors of 15008375.
5, 120067
List the prime factors of 247523.
127, 1949
What are the prime factors of 16048?
2, 17, 59
List the prime factors of 9880689.
3, 7, 13, 17, 2129
List the prime factors of 447618.
2, 3, 61, 1223
What are the prime factors of 457310?
2, 5, 7, 47, 139
What are the prime factors of 4058537?
7, 163, 3557
List the prime factors of 7997334.
2, 3, 1009, 1321
List the prime factors of 265936.
2, 11, 1511
List the prime factors of 2108480.
2, 5, 11, 599
What are the prime factors of 254410?
2, 5, 13, 19, 103
List the prime factors of 75045.
3, 5, 5003
What are the prime factors of 187446?
2, 3, 7, 4463
List the prime factors of 3378387.
3, 479, 2351
What are the prime factors of 117574?
2, 58787
List the prime factors of 306430.
2, 5, 30643
List the prime factors of 6533519.
1249, 5231
List the prime factors of 20523042.
2, 3, 41, 27809
List the prime factors of 11042452.
2, 17, 162389
List the prime factors of 12137871.
3, 349, 11593
What are the prime factors of 144697?
7, 2953
List the prime factors of 3711319.
3711319
List the prime factors of 4314090.
2, 3, 5, 11, 17, 769
List the prime factors of 8860744.
2, 1107593
What are the prime factors of 2198633?
43, 51131
List the prime factors of 6510366.
2, 3, 361687
What are the prime factors of 914641?
7, 13, 19, 23
List the prime factors of 226255.
5, 37, 1223
List the prime factors of 12584216.
2, 17, 5443
List the prime factors of 260220.
2, 3, 5, 4337
List the prime factors of 15812787.
3, 5270929
List the prime factors of 281011.
151, 1861
List the prime factors of 21277449.
3, 2364161
List the prime factors of 1770255.
3, 5, 31, 47
List the prime factors of 1347046.
2, 17, 39619
List the prime factors of 24824.
2, 29, 107
What are the prime factors of 170697?
3, 17, 3347
What are the prime factors of 9746?
2, 11, 443
List the prime factors of 319506.
2, 3, 11, 47, 103
List the prime factors of 29949.
3, 67, 149
What are the prime factors of 22991764?
2, 2039, 2819
What are the prime factors of 2722610?
2, 5, 11, 53, 467
What are the prime factors of 3830603?
7, 547229
What are the prime factors of 414684?
2, 3, 11519
List the prime factors of 1300370.
2, 5, 109, 1193
List the prime factors of 175380.
2, 3, 5, 37, 79
List the prime factors of 31459.
163, 193
What are the prime factors of 4560699?
3, 11, 13, 10631
What are the prime factors of 138627?
3, 73, 211
List the prime factors of 7101463.
7101463
What are the prime factors of 960065?
5, 192013
List the prime factors of 3869091.
3, 429899
List the prime factors of 278015.
5, 55603
List the prime factors of 2591920.
2, 5, 179, 181
List the prime factors of 44626.
2, 53, 421
List the prime factors of 59557.
59557
What are the prime factors of 1210087?
67, 18061
List the prime factors of 16124.
2, 29, 139
What are the prime factors of 1564173?
3, 13, 29, 461
List the prime factors of 830398.
2, 67, 6197
What are the prime factors of 455347?
283, 1609
What are the prime factors of 790992?
2, 3, 1831
List the prime factors of 598681.
598681
What are the prime factors of 461131?
11, 37, 103
What are the prime factors of 1451299?
53, 139, 197
List the prime factors of 7246927.
7246927
List the prime factors of 829843.
7, 118549
List the prime factors of 107213.
29, 3697
What are the prime factors of 129798?
2, 3, 7211
List the prime factors of 8786363.
8786363
What are the prime factors of 895718?
2, 447859
What are the prime factors of 2260631?
2260631
List the prime factors of 133528.
2, 16691
List the prime factors of 9815577.
3, 1373, 2383
What are the prime factors of 462985?
5, 29, 31, 103
What are the prime factors of 7093493?
11, 644863
What are the prime factors of 107831?
17, 6343
What are the prime factors of 277585?
5, 7, 11, 103
List the prime factors of 122763.
3, 151, 271
List the prime factors of 861059.
861059
List the prime factors of 24377123.
3001, 8123
List the prime factors of 79416.
2, 3, 1103
List the prime factors of 13621209.
3, 7, 648629
List the prime factors of 666077.
17, 39181
What are the prime factors of 2459552?
2, 101, 761
What are the prime factors of 237466?
2, 37, 3209
List the prime factors of 274168.
2, 43, 797
List the prime factors of 1705688.
2, 101, 2111
List the prime factors of 1468194.
2, 3, 7, 13, 2689
What are the prime factors of 451442?
2, 225721
What are the prime factors of 4689203?
79, 59357
List the prime factors of 382765.
5, 37, 2069
What are the prime factors of 15633439?
15633439
What are the prime factors of 3291264?
2, 3, 2857
List the prime factors of 3880619.
557, 6967
What are the prime factors of 1100878?
2, 550439
What are the prime factors of 215714?
2, 107857
List the prime factors of 19036832.
2, 97, 6133
List the prime factors of 5710788.
2, 3, 158633
What are the prime factors of 875137?
89, 9833
What are the prime factors of 3445871?
11, 13, 24097
List the prime factors of 8974664.
2, 1121833
What are the prime factors of 461124?
2, 3, 12809
What are the prime factors of 726678?
2, 3, 13457
What are the prime factors of 1773391?
281, 6311
What are the prime factors of 889645?
5, 177929
List the prime factors of 103494.
2, 3, 47, 367
What are the prime factors of 5741739?
3, 29, 7333
List the prime factors of 204104.
2, 31, 823
What are the prime factors of 4339836?
2, 3, 120551
What are the prime factors of 113733?
3, 12637
List the prime factors of 64798.
2, 179, 181
What are the prime factors of 64451?
64451
What are the prime factors of 250972?
2, 62743
What are the prime factors of 9443645?
5, 73, 25873
What are the prime factors of 12910661?
12910661
List the prime factors of 2172746.
2, 1086373
What are the prime factors of 283847?
79, 3593
List the prime factors of 974099.
7, 37, 3761
List the prime factors of 5072.
2, 317
List the prime factors of 17001841.
997, 17053
List the prime factors of 218574.
2, 3, 12143
List the prime factors of 4195957.
17, 53, 4657
What are the prime factors of 5875722?
2, 3, 197, 1657
What are the prime factors of 1733581?
1733581
What are the prime factors of 404643?
3, 19, 31, 229
List the prime factors of 150568.
2, 11, 29, 59
List the prime factors of 3664003.
7, 197, 2657
List the prime factors of 3315345.
3, 5, 11, 71, 283
What are the prime factors of 6509953?
6509953
What are the prime factors of 6227264?
2, 97301
What are the prime factors of 16191?
3, 7, 257
What are the prime factors of 93461?
19, 4919
What are the prime factors of 5955974?
2, 1693, 1759
List the prime factors of 86240.
2, 5, 7, 11
What are the prime factors of 952021?
7, 19429
List the prime factors of 154860.
2, 3, 5, 29, 89
List the prime factors of 5826068.
2, 1456517
List the prime factors of 36045212.
2, 7, 1287329
What are the prime factors of 1079868?
2, 3, 89989
What are the prime factors of 9889984?
2, 13, 11887
List the prime factors of 16663603.
11, 29, 52237
List the prime factors of 83517.
3, 7, 41, 97
List the prime factors of 223752.
2, 3, 9323
What are the prime factors of 9256298?
2, 2029, 2281
What are the prime factors of 5545724?
2, 67, 20693
What are the prime factors of 97795?
5, 19559
What are the prime factors of 511553?
7, 73079
What are the prime factors of 1252761?
3, 53, 7879
What are the prime factors of 1061985?
3, 5, 83, 853
List the prime factors of 17233755.
3, 5, 7, 11, 43, 347
List the prime factors of 1749817.
23, 76079
What are the prime factors of 15744602?
2, 83, 94847
What are the prime factors of 10342